{"id":221,"date":"2014-11-27T16:03:12","date_gmt":"2014-11-27T15:03:12","guid":{"rendered":"http:\/\/www.guide-du-neuf.fr\/blog\/?page_id=221"},"modified":"2014-12-04T09:53:41","modified_gmt":"2014-12-04T08:53:41","slug":"inscription-newsletter","status":"publish","type":"page","link":"https:\/\/www.guide-du-neuf.fr\/blog\/inscription-newsletter\/","title":{"rendered":"Abonnez-vous aux actualit\u00e9s du Guide-du-Neuf.fr"},"content":{"rendered":"<div class=\"widget_wysija_cont shortcode_wysija\"><div id=\"msg-form-wysija-shortcode69e1c0bb3611b-2\" class=\"wysija-msg ajax\"><\/div><form id=\"form-wysija-shortcode69e1c0bb3611b-2\" method=\"post\" action=\"#wysija\" class=\"widget_wysija shortcode_wysija\">\n\n<p>Envie d'\u00eatre vite et mieux inform\u00e9 sur l'immobilier neuf en France ? Recevez par mail les derni\u00e8res actualit\u00e9s du Guide-du-Neuf.fr<\/p>\n<p class=\"wysija-paragraph\">\n\t<label class=\"wysija-select-label\">Civilit\u00e9<\/label>\n    <select class=\"wysija-select \" name=\"wysija[field][cf_1]\">\n        \n        \n            <option value=\"---\">---<\/option>\n        \n            <option value=\"Melle\">Melle<\/option>\n        \n            <option value=\"Mme\">Mme<\/option>\n        \n            <option value=\"M.\">M.<\/option>\n        \n    <\/select>\n<\/p>\n<p class=\"wysija-paragraph\">\n    <label>Nom<\/label>\n    \n    \t<input type=\"text\" name=\"wysija[user][lastname]\" class=\"wysija-input \" title=\"Nom\"  value=\"\" \/>\n    \n    \n    \n    <span class=\"abs-req\">\n        <input type=\"text\" name=\"wysija[user][abs][lastname]\" class=\"wysija-input validated[abs][lastname]\" value=\"\" \/>\n    <\/span>\n    \n<\/p>\n<p class=\"wysija-paragraph\">\n    <label>Pr\u00e9nom<\/label>\n    \n    \t<input type=\"text\" name=\"wysija[user][firstname]\" class=\"wysija-input \" title=\"Pr\u00e9nom\"  value=\"\" \/>\n    \n    \n    \n    <span class=\"abs-req\">\n        <input type=\"text\" name=\"wysija[user][abs][firstname]\" class=\"wysija-input validated[abs][firstname]\" value=\"\" \/>\n    <\/span>\n    \n<\/p>\n<p class=\"wysija-paragraph\">\n    <label>E-mail <span class=\"wysija-required\">*<\/span><\/label>\n    \n    \t<input type=\"text\" name=\"wysija[user][email]\" class=\"wysija-input validate[required,custom[email]]\" title=\"E-mail\"  value=\"\" \/>\n    \n    \n    \n    <span class=\"abs-req\">\n        <input type=\"text\" name=\"wysija[user][abs][email]\" class=\"wysija-input validated[abs][email]\" value=\"\" \/>\n    <\/span>\n    \n<\/p>\n<p class=\"wysija-checkbox-label\">S\u00e9lectionner une ou plusieurs newsletters :<\/p>\n\n    <p class=\"wysija-checkbox-paragraph\"><label><input class=\"wysija-checkbox validate[required]\" name=\"wysija[user_list][list_id][]\" type=\"checkbox\" value=\"1\" checked=\"checked\" \/> Toute l&#039;actualit\u00e9<\/label><\/p>\n\n    <p class=\"wysija-checkbox-paragraph\"><label><input class=\"wysija-checkbox validate[required]\" name=\"wysija[user_list][list_id][]\" type=\"checkbox\" value=\"3\"  \/> Les dossiers PROS<\/label><\/p>\n\n\n<br><br>\n<p class=\"wysija-paragraph\">\n\t\n\t<input type=\"hidden\" name=\"wysija[field][cf_3]\" value=\"0\" \/>\n    \n    \t<label class=\"wysija-checkbox-label\"><input type=\"checkbox\" class=\"wysija-checkbox validate[required]\" name=\"wysija[field][cf_3]\" value=\"1\"  \/>J&#039;ai lu et j&#039;accepte les mentions l\u00e9gales.<\/label>\n    \n<\/p>\n\n<a href=\"https:\/\/www.guide-du-neuf.fr\/mentions-legales.html\" target=\"_blank\">Lire les mentions l\u00e9gales<\/a>\n\r\n<input class=\"wysija-submit wysija-submit-field\" type=\"submit\" value=\"Je m&#039;inscris\" \/>\n\n<br><p class=\"miniMtn\">* Champ obligatoire<\/p>\n\n<p>Vous pourrez vous d\u00e9sinscrire en cliquant sur le lien en bas de chaque e-mail.<\/p>\n\n<p><em>Conform\u00e9ment \u00e0 l'article 34 de la loi du 6 janvier 1978, vous disposez d'un droit d'acc\u00e8s, de modification, et de suppression des donn\u00e9es vous concernant. Vos informations sont confidentielles et ne sont pas communiqu\u00e9es \u00e0 des tiers. Vous pouvez exercer votre droit d'acc\u00e8s en faisant une demande par mail ou par voie postale \u00e0 Guide-du-Neuf.fr 39 rue du Mar\u00e9chal Foch 59100 ROUBAIX<\/em><\/p>\n\n    <input type=\"hidden\" name=\"form_id\" value=\"2\" \/>\n    <input type=\"hidden\" name=\"action\" value=\"save\" \/>\n    <input type=\"hidden\" name=\"controller\" value=\"subscribers\" \/>\n    <input type=\"hidden\" value=\"1\" name=\"wysija-page\" \/>\n\n    \n <\/form><\/div>\n","protected":false},"excerpt":{"rendered":"","protected":false},"author":5,"featured_media":0,"parent":0,"menu_order":1000,"comment_status":"open","ping_status":"open","template":"full-width-page.php","meta":{"_expiration-date-status":"","_expiration-date":0,"_expiration-date-type":"","_expiration-date-categories":[],"_expiration-date-options":[]},"acf":[],"yoast_head":"<!-- This site is optimized with the Yoast SEO Premium plugin v18.2.1 (Yoast SEO v18.4.1) - https:\/\/yoast.com\/wordpress\/plugins\/seo\/ -->\n<title>Guide-du-Neuf.fr : Inscrivez-vous \u00e0 la newsletter !<\/title>\n<meta name=\"description\" content=\"Recevez les derni\u00e8res actualit\u00e9s du Guide-du-Neuf.fr sur l&#039;immobilier neuf en France en vous inscrivant \u00e0 notre newsletter.\" \/>\n<meta name=\"robots\" content=\"index, follow, max-snippet:-1, max-image-preview:large, max-video-preview:-1\" \/>\n<link rel=\"canonical\" href=\"https:\/\/www.guide-du-neuf.fr\/blog\/inscription-newsletter\/\" \/>\n<meta property=\"og:locale\" content=\"fr_FR\" \/>\n<meta property=\"og:type\" content=\"article\" \/>\n<meta property=\"og:title\" content=\"Abonnez-vous aux actualit\u00e9s du Guide-du-Neuf.fr\" \/>\n<meta property=\"og:description\" content=\"Recevez les derni\u00e8res actualit\u00e9s du Guide-du-Neuf.fr sur l&#039;immobilier neuf en France en vous inscrivant \u00e0 notre newsletter.\" \/>\n<meta property=\"og:url\" content=\"https:\/\/www.guide-du-neuf.fr\/blog\/inscription-newsletter\/\" \/>\n<meta property=\"og:site_name\" content=\"Guide du Neuf\" \/>\n<meta property=\"article:publisher\" content=\"https:\/\/www.facebook.com\/guideduneuf\" \/>\n<meta property=\"article:modified_time\" content=\"2014-12-04T08:53:41+00:00\" \/>\n<meta name=\"twitter:card\" content=\"summary\" \/>\n<meta name=\"twitter:site\" content=\"@guideduneuf_fr\" \/>\n<script type=\"application\/ld+json\" class=\"yoast-schema-graph\">{\"@context\":\"https:\/\/schema.org\",\"@graph\":[{\"@type\":\"Organization\",\"@id\":\"https:\/\/www.guide-du-neuf.fr\/blog\/#organization\",\"name\":\"Guide du Neuf\",\"url\":\"https:\/\/www.guide-du-neuf.fr\/blog\/\",\"sameAs\":[\"https:\/\/www.facebook.com\/guideduneuf\",\"https:\/\/twitter.com\/guideduneuf_fr\"],\"logo\":{\"@type\":\"ImageObject\",\"@id\":\"https:\/\/www.guide-du-neuf.fr\/blog\/#logo\",\"inLanguage\":\"fr-FR\",\"url\":\"https:\/\/www.guide-du-neuf.fr\/blog\/wp-content\/uploads\/2019\/09\/logo-3clics-2016-carre.jpg\",\"contentUrl\":\"https:\/\/www.guide-du-neuf.fr\/blog\/wp-content\/uploads\/2019\/09\/logo-3clics-2016-carre.jpg\",\"width\":800,\"height\":800,\"caption\":\"Guide du Neuf\"},\"image\":{\"@id\":\"https:\/\/www.guide-du-neuf.fr\/blog\/#logo\"}},{\"@type\":\"WebSite\",\"@id\":\"https:\/\/www.guide-du-neuf.fr\/blog\/#website\",\"url\":\"https:\/\/www.guide-du-neuf.fr\/blog\/\",\"name\":\"Guide du Neuf\",\"description\":\"Les actualit\u00e9s de l&#039;immobilier neuf\",\"publisher\":{\"@id\":\"https:\/\/www.guide-du-neuf.fr\/blog\/#organization\"},\"potentialAction\":[{\"@type\":\"SearchAction\",\"target\":{\"@type\":\"EntryPoint\",\"urlTemplate\":\"https:\/\/www.guide-du-neuf.fr\/blog\/?s={search_term_string}\"},\"query-input\":\"required name=search_term_string\"}],\"inLanguage\":\"fr-FR\"},{\"@type\":\"WebPage\",\"@id\":\"https:\/\/www.guide-du-neuf.fr\/blog\/inscription-newsletter\/#webpage\",\"url\":\"https:\/\/www.guide-du-neuf.fr\/blog\/inscription-newsletter\/\",\"name\":\"Guide-du-Neuf.fr : Inscrivez-vous \u00e0 la newsletter !\",\"isPartOf\":{\"@id\":\"https:\/\/www.guide-du-neuf.fr\/blog\/#website\"},\"datePublished\":\"2014-11-27T15:03:12+00:00\",\"dateModified\":\"2014-12-04T08:53:41+00:00\",\"description\":\"Recevez les derni\u00e8res actualit\u00e9s du Guide-du-Neuf.fr sur l'immobilier neuf en France en vous inscrivant \u00e0 notre newsletter.\",\"breadcrumb\":{\"@id\":\"https:\/\/www.guide-du-neuf.fr\/blog\/inscription-newsletter\/#breadcrumb\"},\"inLanguage\":\"fr-FR\",\"potentialAction\":[{\"@type\":\"ReadAction\",\"target\":[\"https:\/\/www.guide-du-neuf.fr\/blog\/inscription-newsletter\/\"]}]},{\"@type\":\"BreadcrumbList\",\"@id\":\"https:\/\/www.guide-du-neuf.fr\/blog\/inscription-newsletter\/#breadcrumb\",\"itemListElement\":[{\"@type\":\"ListItem\",\"position\":1,\"name\":\"Guide du Neuf\",\"item\":\"https:\/\/www.guide-du-neuf.fr\/blog\/\"},{\"@type\":\"ListItem\",\"position\":2,\"name\":\"Abonnez-vous aux actualit\u00e9s du Guide-du-Neuf.fr\"}]}]}<\/script>\n<!-- \/ Yoast SEO Premium plugin. -->","yoast_head_json":{"title":"Guide-du-Neuf.fr : Inscrivez-vous \u00e0 la newsletter !","description":"Recevez les derni\u00e8res actualit\u00e9s du Guide-du-Neuf.fr sur l'immobilier neuf en France en vous inscrivant \u00e0 notre newsletter.","robots":{"index":"index","follow":"follow","max-snippet":"max-snippet:-1","max-image-preview":"max-image-preview:large","max-video-preview":"max-video-preview:-1"},"canonical":"https:\/\/www.guide-du-neuf.fr\/blog\/inscription-newsletter\/","og_locale":"fr_FR","og_type":"article","og_title":"Abonnez-vous aux actualit\u00e9s du Guide-du-Neuf.fr","og_description":"Recevez les derni\u00e8res actualit\u00e9s du Guide-du-Neuf.fr sur l'immobilier neuf en France en vous inscrivant \u00e0 notre newsletter.","og_url":"https:\/\/www.guide-du-neuf.fr\/blog\/inscription-newsletter\/","og_site_name":"Guide du Neuf","article_publisher":"https:\/\/www.facebook.com\/guideduneuf","article_modified_time":"2014-12-04T08:53:41+00:00","twitter_card":"summary","twitter_site":"@guideduneuf_fr","schema":{"@context":"https:\/\/schema.org","@graph":[{"@type":"Organization","@id":"https:\/\/www.guide-du-neuf.fr\/blog\/#organization","name":"Guide du Neuf","url":"https:\/\/www.guide-du-neuf.fr\/blog\/","sameAs":["https:\/\/www.facebook.com\/guideduneuf","https:\/\/twitter.com\/guideduneuf_fr"],"logo":{"@type":"ImageObject","@id":"https:\/\/www.guide-du-neuf.fr\/blog\/#logo","inLanguage":"fr-FR","url":"https:\/\/www.guide-du-neuf.fr\/blog\/wp-content\/uploads\/2019\/09\/logo-3clics-2016-carre.jpg","contentUrl":"https:\/\/www.guide-du-neuf.fr\/blog\/wp-content\/uploads\/2019\/09\/logo-3clics-2016-carre.jpg","width":800,"height":800,"caption":"Guide du Neuf"},"image":{"@id":"https:\/\/www.guide-du-neuf.fr\/blog\/#logo"}},{"@type":"WebSite","@id":"https:\/\/www.guide-du-neuf.fr\/blog\/#website","url":"https:\/\/www.guide-du-neuf.fr\/blog\/","name":"Guide du Neuf","description":"Les actualit\u00e9s de l&#039;immobilier neuf","publisher":{"@id":"https:\/\/www.guide-du-neuf.fr\/blog\/#organization"},"potentialAction":[{"@type":"SearchAction","target":{"@type":"EntryPoint","urlTemplate":"https:\/\/www.guide-du-neuf.fr\/blog\/?s={search_term_string}"},"query-input":"required name=search_term_string"}],"inLanguage":"fr-FR"},{"@type":"WebPage","@id":"https:\/\/www.guide-du-neuf.fr\/blog\/inscription-newsletter\/#webpage","url":"https:\/\/www.guide-du-neuf.fr\/blog\/inscription-newsletter\/","name":"Guide-du-Neuf.fr : Inscrivez-vous \u00e0 la newsletter !","isPartOf":{"@id":"https:\/\/www.guide-du-neuf.fr\/blog\/#website"},"datePublished":"2014-11-27T15:03:12+00:00","dateModified":"2014-12-04T08:53:41+00:00","description":"Recevez les derni\u00e8res actualit\u00e9s du Guide-du-Neuf.fr sur l'immobilier neuf en France en vous inscrivant \u00e0 notre newsletter.","breadcrumb":{"@id":"https:\/\/www.guide-du-neuf.fr\/blog\/inscription-newsletter\/#breadcrumb"},"inLanguage":"fr-FR","potentialAction":[{"@type":"ReadAction","target":["https:\/\/www.guide-du-neuf.fr\/blog\/inscription-newsletter\/"]}]},{"@type":"BreadcrumbList","@id":"https:\/\/www.guide-du-neuf.fr\/blog\/inscription-newsletter\/#breadcrumb","itemListElement":[{"@type":"ListItem","position":1,"name":"Guide du Neuf","item":"https:\/\/www.guide-du-neuf.fr\/blog\/"},{"@type":"ListItem","position":2,"name":"Abonnez-vous aux actualit\u00e9s du Guide-du-Neuf.fr"}]}]}},"_links":{"self":[{"href":"https:\/\/www.guide-du-neuf.fr\/blog\/wp-json\/wp\/v2\/pages\/221"}],"collection":[{"href":"https:\/\/www.guide-du-neuf.fr\/blog\/wp-json\/wp\/v2\/pages"}],"about":[{"href":"https:\/\/www.guide-du-neuf.fr\/blog\/wp-json\/wp\/v2\/types\/page"}],"author":[{"embeddable":true,"href":"https:\/\/www.guide-du-neuf.fr\/blog\/wp-json\/wp\/v2\/users\/5"}],"replies":[{"embeddable":true,"href":"https:\/\/www.guide-du-neuf.fr\/blog\/wp-json\/wp\/v2\/comments?post=221"}],"version-history":[{"count":7,"href":"https:\/\/www.guide-du-neuf.fr\/blog\/wp-json\/wp\/v2\/pages\/221\/revisions"}],"predecessor-version":[{"id":339,"href":"https:\/\/www.guide-du-neuf.fr\/blog\/wp-json\/wp\/v2\/pages\/221\/revisions\/339"}],"wp:attachment":[{"href":"https:\/\/www.guide-du-neuf.fr\/blog\/wp-json\/wp\/v2\/media?parent=221"}],"curies":[{"name":"wp","href":"https:\/\/api.w.org\/{rel}","templated":true}]}}